{"id":1637,"date":"2018-08-10T15:52:03","date_gmt":"2018-08-10T18:52:03","guid":{"rendered":"http:\/\/www.galvisa.com.br\/novo\/?page_id=1637"},"modified":"2023-08-02T10:42:48","modified_gmt":"2023-08-02T13:42:48","slug":"produtos","status":"publish","type":"page","link":"https:\/\/www.galvisa.com.br\/novo\/produtos\/","title":{"rendered":"Produtos"},"content":{"rendered":"<p><div class=\"fusion-fullwidth fullwidth-box fusion-builder-row-1 nonhundred-percent-fullwidth non-hundred-percent-height-scrolling\" style=\"--awb-border-radius-top-left:0px;--awb-border-radius-top-right:0px;--awb-border-radius-bottom-right:0px;--awb-border-radius-bottom-left:0px;--awb-flex-wrap:wrap;\" ><div class=\"fusion-builder-row fusion-row\"><div class=\"fusion-layout-column fusion_builder_column fusion-builder-column-0 fusion_builder_column_1_1 1_1 fusion-one-full fusion-column-first fusion-column-last\" style=\"--awb-bg-size:cover;\"><div class=\"fusion-column-wrapper fusion-flex-column-wrapper-legacy\"><div class=\"fusion-clearfix\"><\/div><\/div><\/div><\/div><\/div><div class=\"fusion-fullwidth fullwidth-box fusion-builder-row-2 nonhundred-percent-fullwidth non-hundred-percent-height-scrolling\" style=\"--awb-border-radius-top-left:0px;--awb-border-radius-top-right:0px;--awb-border-radius-bottom-right:0px;--awb-border-radius-bottom-left:0px;--awb-flex-wrap:wrap;\" ><div class=\"fusion-builder-row fusion-row\"><div class=\"fusion-layout-column fusion_builder_column fusion-builder-column-1 fusion_builder_column_1_1 1_1 fusion-one-full fusion-column-first fusion-column-last\" style=\"--awb-bg-size:cover;\"><div class=\"fusion-column-wrapper fusion-flex-column-wrapper-legacy\"><div class=\"fusion-sep-clear\"><\/div><div class=\"fusion-separator fusion-full-width-sep\" style=\"margin-left: auto;margin-right: auto;width:100%;\"><\/div><div class=\"fusion-sep-clear\"><\/div><div class=\"fusion-clearfix\"><\/div><\/div><\/div><\/div><\/div><div class=\"fusion-fullwidth fullwidth-box fusion-builder-row-3 nonhundred-percent-fullwidth non-hundred-percent-height-scrolling\" style=\"--awb-border-radius-top-left:0px;--awb-border-radius-top-right:0px;--awb-border-radius-bottom-right:0px;--awb-border-radius-bottom-left:0px;--awb-flex-wrap:wrap;\" ><div class=\"fusion-builder-row fusion-row\"><div class=\"fusion-layout-column fusion_builder_column fusion-builder-column-2 fusion_builder_column_1_1 1_1 fusion-one-full fusion-column-first fusion-column-last\" style=\"--awb-bg-size:cover;\"><div class=\"fusion-column-wrapper fusion-flex-column-wrapper-legacy\"><div class=\"fusion-clearfix\"><\/div><\/div><\/div><\/div><\/div><div class=\"fusion-fullwidth fullwidth-box fusion-builder-row-4 nonhundred-percent-fullwidth non-hundred-percent-height-scrolling\" style=\"--awb-border-radius-top-left:0px;--awb-border-radius-top-right:0px;--awb-border-radius-bottom-right:0px;--awb-border-radius-bottom-left:0px;--awb-flex-wrap:wrap;\" ><div class=\"fusion-builder-row fusion-row\"><div class=\"fusion-layout-column fusion_builder_column fusion-builder-column-3 fusion_builder_column_1_1 1_1 fusion-one-full fusion-column-first fusion-column-last\" style=\"--awb-bg-size:cover;\"><div class=\"fusion-column-wrapper fusion-flex-column-wrapper-legacy\"><div class=\"fusion-sep-clear\"><\/div><div class=\"fusion-separator fusion-full-width-sep\" style=\"margin-left: auto;margin-right: auto;width:100%;\"><\/div><div class=\"fusion-sep-clear\"><\/div><div class=\"fusion-clearfix\"><\/div><\/div><\/div><\/div><\/div><div class=\"fusion-fullwidth fullwidth-box fusion-builder-row-5 nonhundred-percent-fullwidth non-hundred-percent-height-scrolling\" style=\"--awb-border-radius-top-left:0px;--awb-border-radius-top-right:0px;--awb-border-radius-bottom-right:0px;--awb-border-radius-bottom-left:0px;--awb-flex-wrap:wrap;\" ><div class=\"fusion-builder-row fusion-row\"><div class=\"fusion-layout-column fusion_builder_column fusion-builder-column-4 fusion_builder_column_1_1 1_1 fusion-one-full fusion-column-first fusion-column-last\" style=\"--awb-bg-size:cover;\"><div class=\"fusion-column-wrapper fusion-flex-column-wrapper-legacy\"><div class=\"fusion-tabs fusion-tabs-1 classic nav-is-justified horizontal-tabs icon-position-left mobile-mode-accordion\" style=\"--awb-title-border-radius-top-left:0px;--awb-title-border-radius-top-right:0px;--awb-title-border-radius-bottom-right:0px;--awb-title-border-radius-bottom-left:0px;--awb-inactive-color:#ebeaea;--awb-background-color:#ffffff;--awb-border-color:#ebeaea;--awb-active-border-color:#9e9e9e;\"><div class=\"nav\"><ul class=\"nav-tabs nav-justified\" role=\"tablist\"><li class=\"active\" role=\"presentation\"><a class=\"tab-link\" data-toggle=\"tab\" role=\"tab\" aria-controls=\"tab-667bac41eefb11afab4\" aria-selected=\"true\" id=\"fusion-tab-bobinas\" href=\"#tab-667bac41eefb11afab4\"><h4 class=\"fusion-tab-heading\">Bobinas<\/h4><\/a><\/li><li role=\"presentation\"><a class=\"tab-link\" data-toggle=\"tab\" role=\"tab\" aria-controls=\"tab-00290b9bf0cfe191bf0\" aria-selected=\"false\" tabindex=\"-1\" id=\"fusion-tab-bobininhas\" href=\"#tab-00290b9bf0cfe191bf0\"><h4 class=\"fusion-tab-heading\">Bobininhas<\/h4><\/a><\/li><li role=\"presentation\"><a class=\"tab-link\" data-toggle=\"tab\" role=\"tab\" aria-controls=\"tab-e0aa2aa3a6fe16bbbfb\" aria-selected=\"false\" tabindex=\"-1\" id=\"fusion-tab-chapasfinafrio\" href=\"#tab-e0aa2aa3a6fe16bbbfb\"><h4 class=\"fusion-tab-heading\">Chapas fina frio<\/h4><\/a><\/li><li role=\"presentation\"><a class=\"tab-link\" data-toggle=\"tab\" role=\"tab\" aria-controls=\"tab-2ba1fe3db31399c3087\" aria-selected=\"false\" tabindex=\"-1\" id=\"fusion-tab-condutores\" href=\"#tab-2ba1fe3db31399c3087\"><h4 class=\"fusion-tab-heading\">Condutores<\/h4><\/a><\/li><li role=\"presentation\"><a class=\"tab-link\" data-toggle=\"tab\" role=\"tab\" aria-controls=\"tab-6b34910b711c3e0c404\" aria-selected=\"false\" tabindex=\"-1\" id=\"fusion-tab-viradeiraparacalhas\" href=\"#tab-6b34910b711c3e0c404\"><h4 class=\"fusion-tab-heading\">Viradeira para calhas<\/h4><\/a><\/li><\/ul><\/div><div class=\"tab-content\"><div class=\"nav fusion-mobile-tab-nav\"><ul class=\"nav-tabs nav-justified\" role=\"tablist\"><li class=\"active\" role=\"presentation\"><a class=\"tab-link\" data-toggle=\"tab\" role=\"tab\" aria-controls=\"tab-667bac41eefb11afab4\" aria-selected=\"true\" id=\"mobile-fusion-tab-bobinas\" href=\"#tab-667bac41eefb11afab4\"><h4 class=\"fusion-tab-heading\">Bobinas<\/h4><\/a><\/li><\/ul><\/div><div class=\"tab-pane fade fusion-clearfix in active\" role=\"tabpanel\" tabindex=\"0\" aria-labelledby=\"fusion-tab-bobinas\" id=\"tab-667bac41eefb11afab4\">\n<div class=\"fusion-column-wrapper\" style=\"padding: 0px 0px 0px 0px; background-position: left top; background-repeat: no-repeat; -webkit-background-size: cover; -moz-background-size: cover; -o-background-size: cover; background-size: cover;\" data-bg-url=\"\">\n<p><span class=\"fusion-imageframe imageframe-dropshadow imageframe-16 hover-type-none fusion-animated\" style=\"border: 10px solid #ffffff; box-shadow: rgba(0, 0, 0, 0.3) 2px 3px 7px; margin-right: 25px; float: left; visibility: visible; animation-duration: 1s;\" data-animationtype=\"slideInLeft\" data-animationduration=\"1.0\" data-animationoffset=\"100%\"><img decoding=\"async\" class=\"img-responsive wp-image-5643\" title=\"\" src=\"http:\/\/www.galvisa.com.br\/novo\/wp-content\/uploads\/2018\/10\/produtos_bobinas.jpg\" alt=\"blog_opt_3\" width=\"300\" height=\"180\" \/><\/span><\/p>\n<div class=\"fusion-text\">\n<p style=\"font-size: 17px; line-height: 27px; margin-bottom: 0px;\"><b>BOBINAS:<\/b> A bobina de a\u00e7o \u00e9 um rolo met\u00e1lico com tamanho padr\u00e3o usado para as mais variadas finalidades. Inclusive, essas chapas s\u00e3o imprescind\u00edveis para a confec\u00e7\u00e3o de uma expressiva parcela de produtos, al\u00e9m de ser usada em v\u00e1rios tipos de ind\u00fastrias.<\/p>\n<p><b><i>Trabalhamos com as seguintes medidas:<i><\/i><\/i><\/b>\n<div class=\"table-2\">\n<table width=\"10%\">\n<tbody>\n<tr>\n<td align=\"left\"><b><i>B.Z.N Zincada:<\/i><\/b><\/td>\n<td align=\"left\">0,35 mm<\/td>\n<td align=\"left\">0,40 mm<\/td>\n<td align=\"left\">0,43 mm<\/td>\n<td align=\"left\">0,47 mm<\/td>\n<td align=\"left\">0,50 mm<\/td>\n<td align=\"left\">0,60 mm<\/td>\n<td align=\"left\">0,65 mm<\/td>\n<td align=\"left\">0,80 mm<\/td>\n<td align=\"left\">0,95 mm<\/td>\n<td align=\"left\">1,11 mm<\/td>\n<td align=\"left\">1,25 mm<\/td>\n<td align=\"left\">1,55 mm<\/td>\n<td align=\"left\">1,95 mm<\/td>\n<\/tr>\n<\/tbody>\n<\/table>\n<table width=\"10%\">\n<tbody>\n<tr>\n<td align=\"left\"><b><i>B.G.L Galvalume:<\/i><\/b><\/td>\n<td align=\"left\">0,40 mm<\/td>\n<td align=\"left\">0,47 mm<\/td>\n<\/tr>\n<\/tbody>\n<\/table>\n\n<\/div>\n<\/div>\n<div class=\"fusion-clearfix\"><\/div>\n<\/div>\n<\/div><div class=\"nav fusion-mobile-tab-nav\"><ul class=\"nav-tabs nav-justified\" role=\"tablist\"><li role=\"presentation\"><a class=\"tab-link\" data-toggle=\"tab\" role=\"tab\" aria-controls=\"tab-00290b9bf0cfe191bf0\" aria-selected=\"false\" tabindex=\"-1\" id=\"mobile-fusion-tab-bobininhas\" href=\"#tab-00290b9bf0cfe191bf0\"><h4 class=\"fusion-tab-heading\">Bobininhas<\/h4><\/a><\/li><\/ul><\/div><div class=\"tab-pane fade fusion-clearfix\" role=\"tabpanel\" tabindex=\"0\" aria-labelledby=\"fusion-tab-bobininhas\" id=\"tab-00290b9bf0cfe191bf0\">\n<div class=\"fusion-column-wrapper\" style=\"padding: 0px 0px 0px 0px; background-position: left top; background-repeat: no-repeat; -webkit-background-size: cover; -moz-background-size: cover; -o-background-size: cover; background-size: cover;\" data-bg-url=\"\">\n<p><span class=\"fusion-imageframe imageframe-dropshadow imageframe-16 hover-type-none fusion-animated\" style=\"border: 10px solid #ffffff; box-shadow: rgba(0, 0, 0, 0.3) 2px 3px 7px; margin-right: 25px; float: left; visibility: visible; animation-duration: 1s;\" data-animationtype=\"slideInLeft\" data-animationduration=\"1.0\" data-animationoffset=\"100%\"><img decoding=\"async\" class=\"img-responsive wp-image-5643\" title=\"\" src=\"http:\/\/www.galvisa.com.br\/novo\/wp-content\/uploads\/2018\/08\/bobininhas.jpg\" alt=\"blog_opt_3\" width=\"300\" height=\"180\" \/><\/span><\/p>\n<div class=\"fusion-text\">\n<p style=\"font-size: 17px; line-height: 27px; margin-bottom: 0px;\"><b>BOBININHAS:<\/b> A bobina de a\u00e7o \u00e9 um rolo met\u00e1lico com tamanhos personalizados usado para as mais variadas finalidades. Inclusive, essas chapas s\u00e3o imprescind\u00edveis para a confec\u00e7\u00e3o de uma expressiva parcela de produtos, al\u00e9m de ser usada em v\u00e1rios tipos de ind\u00fastrias.<\/p>\n<p><b><i>Trabalhamos com as seguintes medidas:<i><\/i><\/i><\/b>\n<div class=\"table-2\">\n<table width=\"10%\">\n<tbody>\n<tr>\n<td align=\"left\"><b><i>B.Z.N Zincada:<\/i><\/b><\/td>\n<td align=\"left\">0,35 mm<\/td>\n<td align=\"left\">0,40 mm<\/td>\n<td align=\"left\">0,43 mm<\/td>\n<td align=\"left\">0,47 mm<\/td>\n<td align=\"left\">0,50 mm<\/td>\n<td align=\"left\">0,60 mm<\/td>\n<td align=\"left\">0,65 mm<\/td>\n<td align=\"left\">0,80 mm<\/td>\n<td align=\"left\">0,95 mm<\/td>\n<td align=\"left\">1,11 mm<\/td>\n<td align=\"left\">1,25 mm<\/td>\n<td align=\"left\">1,55 mm<\/td>\n<td align=\"left\">1,95 mm<\/td>\n<\/tr>\n<\/tbody>\n<\/table>\n<table width=\"10%\">\n<tbody>\n<tr>\n<td align=\"left\"><b><i>B.G.L Galvalume:<\/i><\/b><\/td>\n<td align=\"left\">0,40 mm<\/td>\n<td align=\"left\">0,47 mm<\/td>\n<\/tr>\n<\/tbody>\n<\/table>\n\n<\/div>\n<\/div>\n<div class=\"fusion-clearfix\"><\/div>\n<\/div>\n<\/div><div class=\"nav fusion-mobile-tab-nav\"><ul class=\"nav-tabs nav-justified\" role=\"tablist\"><li role=\"presentation\"><a class=\"tab-link\" data-toggle=\"tab\" role=\"tab\" aria-controls=\"tab-e0aa2aa3a6fe16bbbfb\" aria-selected=\"false\" tabindex=\"-1\" id=\"mobile-fusion-tab-chapasfinafrio\" href=\"#tab-e0aa2aa3a6fe16bbbfb\"><h4 class=\"fusion-tab-heading\">Chapas fina frio<\/h4><\/a><\/li><\/ul><\/div><div class=\"tab-pane fade fusion-clearfix\" role=\"tabpanel\" tabindex=\"0\" aria-labelledby=\"fusion-tab-chapasfinafrio\" id=\"tab-e0aa2aa3a6fe16bbbfb\">\n<div class=\"fusion-column-wrapper\" style=\"padding: 0px 0px 0px 0px; background-position: left top; background-repeat: no-repeat; -webkit-background-size: cover; -moz-background-size: cover; -o-background-size: cover; background-size: cover;\" data-bg-url=\"\">\n<p><span class=\"fusion-imageframe imageframe-dropshadow imageframe-16 hover-type-none fusion-animated\" style=\"border: 10px solid #ffffff; box-shadow: rgba(0, 0, 0, 0.3) 2px 3px 7px; margin-right: 25px; float: left; visibility: visible; animation-duration: 1s;\" data-animationtype=\"slideInLeft\" data-animationduration=\"1.0\" data-animationoffset=\"100%\"><img decoding=\"async\" class=\"img-responsive wp-image-5643\" title=\"\" src=\"http:\/\/www.galvisa.com.br\/novo\/wp-content\/uploads\/2018\/10\/DSC_9038.jpg\" alt=\"blog_opt_3\" width=\"300\" height=\"180\" \/><\/span><\/p>\n<div class=\"fusion-text\">\n<p style=\"font-size: 17px; line-height: 27px; margin-bottom: 0px;\"><b>CHAPA FINA FRIO:<\/b> Os produtos de a\u00e7os laminados a frio (chapa fina a frio) s\u00e3o encontrados nos segmentos: automotivo, constru\u00e7\u00e3o civil, linhas brancas e eletroeletr\u00f4nicos em diversas aplica\u00e7\u00f5es, desde qualidade comercial at\u00e9 qualidade estampagem extra profunda especial.<\/p>\n<p><b><i>Trabalhamos com as seguintes medidas:<i><\/i><\/i><\/b>\n<div class=\"table-2\">\n<table width=\"10%\">\n<tbody>\n<tr>\n<td align=\"left\">0,40 mm<\/td>\n<td align=\"left\">0,50 mm<\/td>\n<td align=\"left\">0,60 mm<\/td>\n<td align=\"left\">0,75 mm<\/td>\n<td align=\"left\">0,90 mm<\/td>\n<td align=\"left\">1,06 mm<\/td>\n<td align=\"left\">1,20 mm<\/td>\n<td align=\"left\">1,50 mm<\/td>\n<\/tr>\n<\/tbody>\n<\/table>\n\n<\/div>\n<\/div>\n<div class=\"fusion-clearfix\"><\/div>\n<\/div>\n<\/div><div class=\"nav fusion-mobile-tab-nav\"><ul class=\"nav-tabs nav-justified\" role=\"tablist\"><li role=\"presentation\"><a class=\"tab-link\" data-toggle=\"tab\" role=\"tab\" aria-controls=\"tab-2ba1fe3db31399c3087\" aria-selected=\"false\" tabindex=\"-1\" id=\"mobile-fusion-tab-condutores\" href=\"#tab-2ba1fe3db31399c3087\"><h4 class=\"fusion-tab-heading\">Condutores<\/h4><\/a><\/li><\/ul><\/div><div class=\"tab-pane fade fusion-clearfix\" role=\"tabpanel\" tabindex=\"0\" aria-labelledby=\"fusion-tab-condutores\" id=\"tab-2ba1fe3db31399c3087\">\n<div class=\"fusion-column-wrapper\" style=\"padding: 0px 0px 0px 0px; background-position: left top; background-repeat: no-repeat; -webkit-background-size: cover; -moz-background-size: cover; -o-background-size: cover; background-size: cover;\" data-bg-url=\"\">\n<p><span class=\"fusion-imageframe imageframe-dropshadow imageframe-16 hover-type-none fusion-animated\" style=\"border: 10px solid #ffffff; box-shadow: rgba(0, 0, 0, 0.3) 2px 3px 7px; margin-right: 25px; float: left; visibility: visible; animation-duration: 1s;\" data-animationtype=\"slideInLeft\" data-animationduration=\"1.0\" data-animationoffset=\"100%\"><img decoding=\"async\" class=\"img-responsive wp-image-5643\" title=\"\" src=\"http:\/\/www.galvisa.com.br\/novo\/wp-content\/uploads\/2018\/08\/condutores.jpg\" alt=\"blog_opt_3\" width=\"300\" height=\"180\" \/><\/span><\/p>\n<div class=\"fusion-text\">\n<p style=\"font-size: 17px; line-height: 27px; margin-bottom: 0px;\"><b>CONDUTORES:<\/b> O condutor retangular galvanizado \u00e9 o elemento encarregado de encaminhar a \u00e1gua da chuva para o local correto de dispers\u00e3o. Sem o condutor retangular galvanizado n\u00e3o h\u00e1 calha que d\u00ea conta da tarefa de escoar a \u00e1gua e, assim sendo, de preservar a constru\u00e7\u00e3o.<\/p>\n<\/div>\n<div class=\"fusion-clearfix\"><\/div>\n<\/div>\n<\/div><div class=\"nav fusion-mobile-tab-nav\"><ul class=\"nav-tabs nav-justified\" role=\"tablist\"><li role=\"presentation\"><a class=\"tab-link\" data-toggle=\"tab\" role=\"tab\" aria-controls=\"tab-6b34910b711c3e0c404\" aria-selected=\"false\" tabindex=\"-1\" id=\"mobile-fusion-tab-viradeiraparacalhas\" href=\"#tab-6b34910b711c3e0c404\"><h4 class=\"fusion-tab-heading\">Viradeira para calhas<\/h4><\/a><\/li><\/ul><\/div><div class=\"tab-pane fade fusion-clearfix\" role=\"tabpanel\" tabindex=\"0\" aria-labelledby=\"fusion-tab-viradeiraparacalhas\" id=\"tab-6b34910b711c3e0c404\">\n<div class=\"fusion-column-wrapper\" style=\"padding: 0px 0px 0px 0px; background-position: left top; background-repeat: no-repeat; -webkit-background-size: cover; -moz-background-size: cover; -o-background-size: cover; background-size: cover;\" data-bg-url=\"\">\n<p><span class=\"fusion-imageframe imageframe-dropshadow imageframe-16 hover-type-none fusion-animated\" style=\"border: 10px solid #ffffff; box-shadow: rgba(0, 0, 0, 0.3) 2px 3px 7px; margin-right: 25px; float: left; visibility: visible; animation-duration: 1s;\" data-animationtype=\"slideInLeft\" data-animationduration=\"1.0\" data-animationoffset=\"100%\"><img decoding=\"async\" class=\"img-responsive wp-image-5643\" title=\"\" src=\"http:\/\/www.galvisa.com.br\/novo\/wp-content\/uploads\/2018\/08\/viradeiras.jpg\" alt=\"blog_opt_3\" width=\"300\" height=\"180\" \/><\/span><\/p>\n<div class=\"fusion-text\">\n<p style=\"font-size: 17px; line-height: 27px; margin-bottom: 0px;\">Trabalhamos com vendas e alugueis de maquinas para dobrar calhas e rufos.<\/p>\n<\/div>\n<div class=\"fusion-clearfix\"><\/div>\n<\/div>\n<\/div><\/div><\/div><div class=\"fusion-clearfix\"><\/div><\/div><\/div><\/div><\/div><\/p>\n","protected":false},"excerpt":{"rendered":"","protected":false},"author":1,"featured_media":0,"parent":0,"menu_order":0,"comment_status":"closed","ping_status":"closed","template":"100-width.php","meta":{"footnotes":""},"_links":{"self":[{"href":"https:\/\/www.galvisa.com.br\/novo\/wp-json\/wp\/v2\/pages\/1637"}],"collection":[{"href":"https:\/\/www.galvisa.com.br\/novo\/wp-json\/wp\/v2\/pages"}],"about":[{"href":"https:\/\/www.galvisa.com.br\/novo\/wp-json\/wp\/v2\/types\/page"}],"author":[{"embeddable":true,"href":"https:\/\/www.galvisa.com.br\/novo\/wp-json\/wp\/v2\/users\/1"}],"replies":[{"embeddable":true,"href":"https:\/\/www.galvisa.com.br\/novo\/wp-json\/wp\/v2\/comments?post=1637"}],"version-history":[{"count":197,"href":"https:\/\/www.galvisa.com.br\/novo\/wp-json\/wp\/v2\/pages\/1637\/revisions"}],"predecessor-version":[{"id":2049,"href":"https:\/\/www.galvisa.com.br\/novo\/wp-json\/wp\/v2\/pages\/1637\/revisions\/2049"}],"wp:attachment":[{"href":"https:\/\/www.galvisa.com.br\/novo\/wp-json\/wp\/v2\/media?parent=1637"}],"curies":[{"name":"wp","href":"https:\/\/api.w.org\/{rel}","templated":true}]}}